{"id":38,"date":"2021-03-10T09:28:48","date_gmt":"2021-03-10T09:28:48","guid":{"rendered":"https:\/\/apusthemes.com\/wp-demo\/superio\/?page_id=38"},"modified":"2025-04-30T22:13:10","modified_gmt":"2025-04-30T19:13:10","slug":"kosullar","status":"publish","type":"page","link":"https:\/\/www.batmanburada.com.tr\/kariyer\/kosullar\/","title":{"rendered":"Kullan\u0131m Ko\u015fullar\u0131"},"content":{"rendered":"\t\t<div data-elementor-type=\"wp-page\" data-elementor-id=\"38\" class=\"elementor elementor-38\">\n\t\t\t\t\t\t<section class=\"elementor-section elementor-top-section elementor-element elementor-element-2e81926 elementor-section-stretched elementor-section-boxed elementor-section-height-default elementor-section-height-default\" data-id=\"2e81926\" data-element_type=\"section\" data-e-type=\"section\" data-settings=\"{&quot;stretch_section&quot;:&quot;section-stretched&quot;}\">\n\t\t\t\t\t\t<div class=\"elementor-container elementor-column-gap-extended\">\n\t\t\t\t\t<div class=\"elementor-column elementor-col-100 elementor-top-column elementor-element elementor-element-7ebfa76\" data-id=\"7ebfa76\" data-element_type=\"column\" data-e-type=\"column\">\n\t\t\t<div class=\"elementor-widget-wrap elementor-element-populated\">\n\t\t\t\t\t\t<div class=\"elementor-element elementor-element-9c6216e elementor-widget elementor-widget-heading\" data-id=\"9c6216e\" data-element_type=\"widget\" data-e-type=\"widget\" data-widget_type=\"heading.default\">\n\t\t\t\t<div class=\"elementor-widget-container\">\n\t\t\t\t\t<h2 class=\"elementor-heading-title elementor-size-default\">1. Genel Bilgilendirme<\/h2>\t\t\t\t<\/div>\n\t\t\t\t<\/div>\n\t\t\t\t<div class=\"elementor-element elementor-element-9afb672 elementor-widget elementor-widget-text-editor\" data-id=\"9afb672\" data-element_type=\"widget\" data-e-type=\"widget\" data-widget_type=\"text-editor.default\">\n\t\t\t\t<div class=\"elementor-widget-container\">\n\t\t\t\t\t\t\t\t\t<p>Batman Burada Kariyer (&#8220;Platform&#8221;), i\u015f arayan bireylerle i\u015fverenleri bir araya getiren dijital bir kariyer ve i\u015f ilan\u0131 platformudur.<\/p><p>Platformu kullanarak, a\u015fa\u011f\u0131da belirtilen ko\u015fullar\u0131 eksiksiz \u015fekilde kabul etti\u011finizi beyan etmi\u015f olursunuz.<\/p>\t\t\t\t\t\t\t\t<\/div>\n\t\t\t\t<\/div>\n\t\t\t\t\t<\/div>\n\t\t<\/div>\n\t\t\t\t\t<\/div>\n\t\t<\/section>\n\t\t\t\t<section class=\"elementor-section elementor-top-section elementor-element elementor-element-eeb7765 elementor-section-stretched elementor-section-boxed elementor-section-height-default elementor-section-height-default\" data-id=\"eeb7765\" data-element_type=\"section\" data-e-type=\"section\" data-settings=\"{&quot;stretch_section&quot;:&quot;section-stretched&quot;}\">\n\t\t\t\t\t\t<div class=\"elementor-container elementor-column-gap-extended\">\n\t\t\t\t\t<div class=\"elementor-column elementor-col-100 elementor-top-column elementor-element elementor-element-9340626\" data-id=\"9340626\" data-element_type=\"column\" data-e-type=\"column\">\n\t\t\t<div class=\"elementor-widget-wrap elementor-element-populated\">\n\t\t\t\t\t\t<div class=\"elementor-element elementor-element-3a1c4ba elementor-widget elementor-widget-heading\" data-id=\"3a1c4ba\" data-element_type=\"widget\" data-e-type=\"widget\" data-widget_type=\"heading.default\">\n\t\t\t\t<div class=\"elementor-widget-container\">\n\t\t\t\t\t<h2 class=\"elementor-heading-title elementor-size-default\">2. Taraflar<\/h2>\t\t\t\t<\/div>\n\t\t\t\t<\/div>\n\t\t\t\t<div class=\"elementor-element elementor-element-0035d8d elementor-widget elementor-widget-text-editor\" data-id=\"0035d8d\" data-element_type=\"widget\" data-e-type=\"widget\" data-widget_type=\"text-editor.default\">\n\t\t\t\t<div class=\"elementor-widget-container\">\n\t\t\t\t\t\t\t\t\t<p><strong data-start=\"680\" data-end=\"694\">Kullan\u0131c\u0131:<\/strong> Platformda profil olu\u015fturan, i\u015f ilan\u0131 veren, i\u015f ba\u015fvurusu yapan veya herhangi bir \u015fekilde hizmetlerden faydalanan ger\u00e7ek veya t\u00fczel ki\u015fi.<\/p><p><br data-start=\"832\" data-end=\"835\" \/><strong data-start=\"835\" data-end=\"855\">Platform Sahibi:<\/strong> Batman Burada Kariyer markas\u0131n\u0131n yasal temsilcisi ve veri sorumlusu.<\/p>\t\t\t\t\t\t\t\t<\/div>\n\t\t\t\t<\/div>\n\t\t\t\t\t<\/div>\n\t\t<\/div>\n\t\t\t\t\t<\/div>\n\t\t<\/section>\n\t\t\t\t<section class=\"elementor-section elementor-top-section elementor-element elementor-element-0c1b6a4 elementor-section-stretched elementor-section-boxed elementor-section-height-default elementor-section-height-default\" data-id=\"0c1b6a4\" data-element_type=\"section\" data-e-type=\"section\" data-settings=\"{&quot;stretch_section&quot;:&quot;section-stretched&quot;}\">\n\t\t\t\t\t\t<div class=\"elementor-container elementor-column-gap-extended\">\n\t\t\t\t\t<div class=\"elementor-column elementor-col-100 elementor-top-column elementor-element elementor-element-fb33fe2\" data-id=\"fb33fe2\" data-element_type=\"column\" data-e-type=\"column\">\n\t\t\t<div class=\"elementor-widget-wrap elementor-element-populated\">\n\t\t\t\t\t\t<div class=\"elementor-element elementor-element-da4acf2 elementor-widget elementor-widget-heading\" data-id=\"da4acf2\" data-element_type=\"widget\" data-e-type=\"widget\" data-widget_type=\"heading.default\">\n\t\t\t\t<div class=\"elementor-widget-container\">\n\t\t\t\t\t<h2 class=\"elementor-heading-title elementor-size-default\">3. Hizmet Tan\u0131m\u0131<\/h2>\t\t\t\t<\/div>\n\t\t\t\t<\/div>\n\t\t\t\t<div class=\"elementor-element elementor-element-f8b189d elementor-widget elementor-widget-text-editor\" data-id=\"f8b189d\" data-element_type=\"widget\" data-e-type=\"widget\" data-widget_type=\"text-editor.default\">\n\t\t\t\t<div class=\"elementor-widget-container\">\n\t\t\t\t\t\t\t\t\t<p class=\"\" data-start=\"952\" data-end=\"1033\">Batman Burada Kariyer kullan\u0131c\u0131lar\u0131na a\u015fa\u011f\u0131daki hizmetleri \u00fccretsiz olarak sunar:<\/p><ul data-start=\"1035\" data-end=\"1284\"><li class=\"\" data-start=\"1035\" data-end=\"1087\"><p class=\"\" data-start=\"1037\" data-end=\"1087\">\u0130\u015f arayanlar i\u00e7in profil olu\u015fturma ve CV y\u00fckleme<\/p><\/li><li class=\"\" data-start=\"1088\" data-end=\"1141\"><p class=\"\" data-start=\"1090\" data-end=\"1141\">\u0130\u015fverenler i\u00e7in i\u015f ilan\u0131 olu\u015fturma ve aday tarama<\/p><\/li><li class=\"\" data-start=\"1142\" data-end=\"1211\"><p class=\"\" data-start=\"1144\" data-end=\"1211\">Aday ile i\u015fverenin platform \u00fczerinden ileti\u015fime ge\u00e7mesini sa\u011flama<\/p><\/li><li class=\"\" data-start=\"1212\" data-end=\"1284\"><p class=\"\" data-start=\"1214\" data-end=\"1284\">B\u00f6lgesel i\u015f g\u00fcc\u00fc piyasas\u0131na y\u00f6nelik \u00f6neriler ve y\u00f6nlendirmeler sunma<\/p><\/li><\/ul><p class=\"\" data-start=\"1286\" data-end=\"1420\">Platform, kullan\u0131c\u0131lar\u0131n i\u00e7eriklerini bar\u0131nd\u0131r\u0131r ancak i\u015fe al\u0131m s\u00fcrecine do\u011frudan m\u00fcdahale etmez ve hi\u00e7bir i\u015f teklifini garanti etmez.<\/p>\t\t\t\t\t\t\t\t<\/div>\n\t\t\t\t<\/div>\n\t\t\t\t\t<\/div>\n\t\t<\/div>\n\t\t\t\t\t<\/div>\n\t\t<\/section>\n\t\t\t\t<section class=\"elementor-section elementor-top-section elementor-element elementor-element-d163b5f elementor-section-stretched elementor-section-boxed elementor-section-height-default elementor-section-height-default\" data-id=\"d163b5f\" data-element_type=\"section\" data-e-type=\"section\" data-settings=\"{&quot;stretch_section&quot;:&quot;section-stretched&quot;}\">\n\t\t\t\t\t\t<div class=\"elementor-container elementor-column-gap-extended\">\n\t\t\t\t\t<div class=\"elementor-column elementor-col-100 elementor-top-column elementor-element elementor-element-121a933\" data-id=\"121a933\" data-element_type=\"column\" data-e-type=\"column\">\n\t\t\t<div class=\"elementor-widget-wrap elementor-element-populated\">\n\t\t\t\t\t\t<div class=\"elementor-element elementor-element-25ae896 elementor-widget elementor-widget-heading\" data-id=\"25ae896\" data-element_type=\"widget\" data-e-type=\"widget\" data-widget_type=\"heading.default\">\n\t\t\t\t<div class=\"elementor-widget-container\">\n\t\t\t\t\t<h2 class=\"elementor-heading-title elementor-size-default\">4. \u00dcyelik ve Kay\u0131t<\/h2>\t\t\t\t<\/div>\n\t\t\t\t<\/div>\n\t\t\t\t<div class=\"elementor-element elementor-element-74a62b3 elementor-widget elementor-widget-text-editor\" data-id=\"74a62b3\" data-element_type=\"widget\" data-e-type=\"widget\" data-widget_type=\"text-editor.default\">\n\t\t\t\t<div class=\"elementor-widget-container\">\n\t\t\t\t\t\t\t\t\t<ul><li class=\"\" data-start=\"1450\" data-end=\"1518\"><p class=\"\" data-start=\"1452\" data-end=\"1518\">Platforma \u00fcye olmak i\u00e7in en az 18 ya\u015f\u0131nda olman\u0131z gerekmektedir.<\/p><\/li><li class=\"\" data-start=\"1519\" data-end=\"1611\"><p class=\"\" data-start=\"1521\" data-end=\"1611\">\u00dcyelik s\u0131ras\u0131nda verdi\u011finiz bilgilerin do\u011fru ve g\u00fcncel olmas\u0131 sizin sorumlulu\u011funuzdad\u0131r.<\/p><\/li><li class=\"\" data-start=\"1612\" data-end=\"1731\"><p class=\"\" data-start=\"1614\" data-end=\"1731\">Yan\u0131lt\u0131c\u0131 bilgi payla\u015f\u0131m\u0131 veya sahte hesap a\u00e7\u0131lmas\u0131 durumunda, hesab\u0131n\u0131z \u00f6nceden haber verilmeksizin kapat\u0131labilir.<\/p><\/li><\/ul>\t\t\t\t\t\t\t\t<\/div>\n\t\t\t\t<\/div>\n\t\t\t\t\t<\/div>\n\t\t<\/div>\n\t\t\t\t\t<\/div>\n\t\t<\/section>\n\t\t\t\t<section class=\"elementor-section elementor-top-section elementor-element elementor-element-6ae37c3 elementor-section-stretched elementor-section-boxed elementor-section-height-default elementor-section-height-default\" data-id=\"6ae37c3\" data-element_type=\"section\" data-e-type=\"section\" data-settings=\"{&quot;stretch_section&quot;:&quot;section-stretched&quot;}\">\n\t\t\t\t\t\t<div class=\"elementor-container elementor-column-gap-extended\">\n\t\t\t\t\t<div class=\"elementor-column elementor-col-100 elementor-top-column elementor-element elementor-element-efdb642\" data-id=\"efdb642\" data-element_type=\"column\" data-e-type=\"column\">\n\t\t\t<div class=\"elementor-widget-wrap elementor-element-populated\">\n\t\t\t\t\t\t<div class=\"elementor-element elementor-element-11c3841 elementor-widget elementor-widget-heading\" data-id=\"11c3841\" data-element_type=\"widget\" data-e-type=\"widget\" data-widget_type=\"heading.default\">\n\t\t\t\t<div class=\"elementor-widget-container\">\n\t\t\t\t\t<h2 class=\"elementor-heading-title elementor-size-default\">5. Kullan\u0131m Kurallar\u0131<\/h2>\t\t\t\t<\/div>\n\t\t\t\t<\/div>\n\t\t\t\t<div class=\"elementor-element elementor-element-4eb18b2 elementor-widget elementor-widget-text-editor\" data-id=\"4eb18b2\" data-element_type=\"widget\" data-e-type=\"widget\" data-widget_type=\"text-editor.default\">\n\t\t\t\t<div class=\"elementor-widget-container\">\n\t\t\t\t\t\t\t\t\t<ul><li class=\"\" data-start=\"1450\" data-end=\"1518\"><p class=\"\" data-start=\"1764\" data-end=\"1777\">Kullan\u0131c\u0131lar;<\/p><ul data-start=\"1779\" data-end=\"2115\"><li class=\"\" data-start=\"1779\" data-end=\"1847\"><p class=\"\" data-start=\"1781\" data-end=\"1847\">Platformu yaln\u0131zca yasal ama\u00e7lar do\u011frultusunda kullanacaklar\u0131n\u0131,<\/p><\/li><li class=\"\" data-start=\"1848\" data-end=\"1905\"><p class=\"\" data-start=\"1850\" data-end=\"1905\">Ba\u015fka kullan\u0131c\u0131lar\u0131n haklar\u0131n\u0131 ihlal etmeyeceklerini,<\/p><\/li><li class=\"\" data-start=\"1906\" data-end=\"1978\"><p class=\"\" data-start=\"1908\" data-end=\"1978\">K\u00fcf\u00fcr, tehdit, hakaret veya yasa d\u0131\u015f\u0131 i\u00e7erikler payla\u015fmayacaklar\u0131n\u0131,<\/p><\/li><li class=\"\" data-start=\"1979\" data-end=\"2043\"><p class=\"\" data-start=\"1981\" data-end=\"2043\">Telif hakk\u0131 ihlali olu\u015fturacak i\u00e7erikler y\u00fcklemeyeceklerini,<\/p><\/li><li class=\"\" data-start=\"2044\" data-end=\"2115\"><p class=\"\" data-start=\"2046\" data-end=\"2115\">Ayn\u0131 anda birden fazla sahte hesap olu\u015fturmayacaklar\u0131n\u0131 taahh\u00fct eder.<\/p><\/li><\/ul><\/li><\/ul>\t\t\t\t\t\t\t\t<\/div>\n\t\t\t\t<\/div>\n\t\t\t\t\t<\/div>\n\t\t<\/div>\n\t\t\t\t\t<\/div>\n\t\t<\/section>\n\t\t\t\t<section class=\"elementor-section elementor-top-section elementor-element elementor-element-d36bad0 elementor-section-stretched elementor-section-boxed elementor-section-height-default elementor-section-height-default\" data-id=\"d36bad0\" data-element_type=\"section\" data-e-type=\"section\" data-settings=\"{&quot;stretch_section&quot;:&quot;section-stretched&quot;}\">\n\t\t\t\t\t\t<div class=\"elementor-container elementor-column-gap-extended\">\n\t\t\t\t\t<div class=\"elementor-column elementor-col-100 elementor-top-column elementor-element elementor-element-32c96a7\" data-id=\"32c96a7\" data-element_type=\"column\" data-e-type=\"column\">\n\t\t\t<div class=\"elementor-widget-wrap elementor-element-populated\">\n\t\t\t\t\t\t<div class=\"elementor-element elementor-element-df028b4 elementor-widget elementor-widget-heading\" data-id=\"df028b4\" data-element_type=\"widget\" data-e-type=\"widget\" data-widget_type=\"heading.default\">\n\t\t\t\t<div class=\"elementor-widget-container\">\n\t\t\t\t\t<h2 class=\"elementor-heading-title elementor-size-default\">6. Gizlilik ve Ki\u015fisel Veriler<\/h2>\t\t\t\t<\/div>\n\t\t\t\t<\/div>\n\t\t\t\t<div class=\"elementor-element elementor-element-e6e5dfb elementor-widget elementor-widget-text-editor\" data-id=\"e6e5dfb\" data-element_type=\"widget\" data-e-type=\"widget\" data-widget_type=\"text-editor.default\">\n\t\t\t\t<div class=\"elementor-widget-container\">\n\t\t\t\t\t\t\t\t\t<ul data-start=\"2157\" data-end=\"2459\"><li class=\"\" data-start=\"2157\" data-end=\"2252\"><p class=\"\" data-start=\"2159\" data-end=\"2252\">Platformda toplanan ki\u015fisel veriler <strong data-start=\"2195\" data-end=\"2211\">KVKK ve GDPR<\/strong> d\u00fczenlemelerine uygun \u015fekilde korunur.<\/p><\/li><li class=\"\" data-start=\"2253\" data-end=\"2380\"><p class=\"\" data-start=\"2255\" data-end=\"2380\">Kay\u0131t, ba\u015fvuru ve ilan s\u00fcre\u00e7lerinde payla\u015ft\u0131\u011f\u0131n\u0131z bilgiler sadece i\u015fverenlerle ve ilgili sistem y\u00f6neticileriyle payla\u015f\u0131l\u0131r.<\/p><\/li><li class=\"\" data-start=\"2381\" data-end=\"2459\"><p class=\"\" data-start=\"2383\" data-end=\"2459\">Gizlilik politikas\u0131na <strong data-start=\"2405\" data-end=\"2442\">[Gizlilik Politikas\u0131 sayfas\u0131ndan]<\/strong> ula\u015fabilirsiniz.<\/p><\/li><\/ul>\t\t\t\t\t\t\t\t<\/div>\n\t\t\t\t<\/div>\n\t\t\t\t\t<\/div>\n\t\t<\/div>\n\t\t\t\t\t<\/div>\n\t\t<\/section>\n\t\t\t\t<section class=\"elementor-section elementor-top-section elementor-element elementor-element-6da7cad elementor-section-stretched elementor-section-boxed elementor-section-height-default elementor-section-height-default\" data-id=\"6da7cad\" data-element_type=\"section\" data-e-type=\"section\" data-settings=\"{&quot;stretch_section&quot;:&quot;section-stretched&quot;}\">\n\t\t\t\t\t\t<div class=\"elementor-container elementor-column-gap-extended\">\n\t\t\t\t\t<div class=\"elementor-column elementor-col-100 elementor-top-column elementor-element elementor-element-3bbaedf\" data-id=\"3bbaedf\" data-element_type=\"column\" data-e-type=\"column\">\n\t\t\t<div class=\"elementor-widget-wrap elementor-element-populated\">\n\t\t\t\t\t\t<div class=\"elementor-element elementor-element-5da1051 elementor-widget elementor-widget-heading\" data-id=\"5da1051\" data-element_type=\"widget\" data-e-type=\"widget\" data-widget_type=\"heading.default\">\n\t\t\t\t<div class=\"elementor-widget-container\">\n\t\t\t\t\t<h2 class=\"elementor-heading-title elementor-size-default\">7. \u0130lan Yay\u0131nlama ve \u0130\u00e7erik Sorumlulu\u011fu<\/h2>\t\t\t\t<\/div>\n\t\t\t\t<\/div>\n\t\t\t\t<div class=\"elementor-element elementor-element-2cf5990 elementor-widget elementor-widget-text-editor\" data-id=\"2cf5990\" data-element_type=\"widget\" data-e-type=\"widget\" data-widget_type=\"text-editor.default\">\n\t\t\t\t<div class=\"elementor-widget-container\">\n\t\t\t\t\t\t\t\t\t<ul><li class=\"\" data-start=\"2510\" data-end=\"2589\"><p class=\"\" data-start=\"2512\" data-end=\"2589\">\u0130lanlar\u0131n i\u00e7eri\u011finden ve do\u011frulu\u011fundan ilan\u0131 yay\u0131nlayan i\u015fveren sorumludur.<\/p><\/li><li class=\"\" data-start=\"2590\" data-end=\"2677\"><p class=\"\" data-start=\"2592\" data-end=\"2677\">Platform, yan\u0131lt\u0131c\u0131, aldat\u0131c\u0131 veya yasa d\u0131\u015f\u0131 ilanlar\u0131 kald\u0131rma hakk\u0131n\u0131 sakl\u0131 tutar.<\/p><\/li><li class=\"\" data-start=\"2678\" data-end=\"2768\"><p class=\"\" data-start=\"2680\" data-end=\"2768\">Kullan\u0131c\u0131lar taraf\u0131ndan y\u00fcklenen CV\u2019lerin i\u00e7eri\u011finden kullan\u0131c\u0131lar\u0131n kendisi sorumludur.<\/p><\/li><\/ul>\t\t\t\t\t\t\t\t<\/div>\n\t\t\t\t<\/div>\n\t\t\t\t\t<\/div>\n\t\t<\/div>\n\t\t\t\t\t<\/div>\n\t\t<\/section>\n\t\t\t\t<section class=\"elementor-section elementor-top-section elementor-element elementor-element-28cef48 elementor-section-stretched elementor-section-boxed elementor-section-height-default elementor-section-height-default\" data-id=\"28cef48\" data-element_type=\"section\" data-e-type=\"section\" data-settings=\"{&quot;stretch_section&quot;:&quot;section-stretched&quot;}\">\n\t\t\t\t\t\t<div class=\"elementor-container elementor-column-gap-extended\">\n\t\t\t\t\t<div class=\"elementor-column elementor-col-100 elementor-top-column elementor-element elementor-element-30c24f3\" data-id=\"30c24f3\" data-element_type=\"column\" data-e-type=\"column\">\n\t\t\t<div class=\"elementor-widget-wrap elementor-element-populated\">\n\t\t\t\t\t\t<div class=\"elementor-element elementor-element-3873723 elementor-widget elementor-widget-heading\" data-id=\"3873723\" data-element_type=\"widget\" data-e-type=\"widget\" data-widget_type=\"heading.default\">\n\t\t\t\t<div class=\"elementor-widget-container\">\n\t\t\t\t\t<h2 class=\"elementor-heading-title elementor-size-default\">8. Platformun Haklar\u0131<\/h2>\t\t\t\t<\/div>\n\t\t\t\t<\/div>\n\t\t\t\t<div class=\"elementor-element elementor-element-9150c1b elementor-widget elementor-widget-text-editor\" data-id=\"9150c1b\" data-element_type=\"widget\" data-e-type=\"widget\" data-widget_type=\"text-editor.default\">\n\t\t\t\t<div class=\"elementor-widget-container\">\n\t\t\t\t\t\t\t\t\t<p class=\"\" data-start=\"2801\" data-end=\"2810\">Platform;<\/p><ul data-start=\"2812\" data-end=\"3053\"><li class=\"\" data-start=\"2812\" data-end=\"2881\"><p class=\"\" data-start=\"2814\" data-end=\"2881\">Hizmetlerde de\u011fi\u015fiklik yapma, ge\u00e7ici veya kal\u0131c\u0131 olarak durdurma,<\/p><\/li><li class=\"\" data-start=\"2882\" data-end=\"2986\"><p class=\"\" data-start=\"2884\" data-end=\"2986\">Herhangi bir kullan\u0131c\u0131 hesab\u0131n\u0131, kullan\u0131m ko\u015fullar\u0131n\u0131 ihlal etmesi durumunda ask\u0131ya alma veya silme,<\/p><\/li><li class=\"\" data-start=\"2987\" data-end=\"3053\"><p class=\"\" data-start=\"2989\" data-end=\"3053\">Yay\u0131nlanan i\u00e7erikleri inceleme ve d\u00fczenleme hakk\u0131n\u0131 sakl\u0131 tutar.<\/p><\/li><\/ul>\t\t\t\t\t\t\t\t<\/div>\n\t\t\t\t<\/div>\n\t\t\t\t\t<\/div>\n\t\t<\/div>\n\t\t\t\t\t<\/div>\n\t\t<\/section>\n\t\t\t\t<section class=\"elementor-section elementor-top-section elementor-element elementor-element-9385685 elementor-section-stretched elementor-section-boxed elementor-section-height-default elementor-section-height-default\" data-id=\"9385685\" data-element_type=\"section\" data-e-type=\"section\" data-settings=\"{&quot;stretch_section&quot;:&quot;section-stretched&quot;}\">\n\t\t\t\t\t\t<div class=\"elementor-container elementor-column-gap-extended\">\n\t\t\t\t\t<div class=\"elementor-column elementor-col-100 elementor-top-column elementor-element elementor-element-8fdfa14\" data-id=\"8fdfa14\" data-element_type=\"column\" data-e-type=\"column\">\n\t\t\t<div class=\"elementor-widget-wrap elementor-element-populated\">\n\t\t\t\t\t\t<div class=\"elementor-element elementor-element-4bc7da2 elementor-widget elementor-widget-heading\" data-id=\"4bc7da2\" data-element_type=\"widget\" data-e-type=\"widget\" data-widget_type=\"heading.default\">\n\t\t\t\t<div class=\"elementor-widget-container\">\n\t\t\t\t\t<h2 class=\"elementor-heading-title elementor-size-default\">9. Sorumluluk Reddi<\/h2>\t\t\t\t<\/div>\n\t\t\t\t<\/div>\n\t\t\t\t<div class=\"elementor-element elementor-element-b76540a elementor-widget elementor-widget-text-editor\" data-id=\"b76540a\" data-element_type=\"widget\" data-e-type=\"widget\" data-widget_type=\"text-editor.default\">\n\t\t\t\t<div class=\"elementor-widget-container\">\n\t\t\t\t\t\t\t\t\t<ul><li class=\"\" data-start=\"3084\" data-end=\"3206\"><p class=\"\" data-start=\"3086\" data-end=\"3206\">Platform, kullan\u0131c\u0131lar aras\u0131nda ger\u00e7ekle\u015fen i\u015fe al\u0131m s\u00fcre\u00e7lerinin sonucu konusunda hi\u00e7bir taahh\u00fct veya garanti vermez.<\/p><\/li><li class=\"\" data-start=\"3207\" data-end=\"3327\"><p class=\"\" data-start=\"3209\" data-end=\"3327\">Teknik sorunlar, internet ba\u011flant\u0131 problemleri veya \u00fc\u00e7\u00fcnc\u00fc taraf sistemlerden kaynakl\u0131 kesintilerden sorumlu de\u011fildir.<\/p><\/li><\/ul>\t\t\t\t\t\t\t\t<\/div>\n\t\t\t\t<\/div>\n\t\t\t\t\t<\/div>\n\t\t<\/div>\n\t\t\t\t\t<\/div>\n\t\t<\/section>\n\t\t\t\t<section class=\"elementor-section elementor-top-section elementor-element elementor-element-9a37873 elementor-section-stretched elementor-section-boxed elementor-section-height-default elementor-section-height-default\" data-id=\"9a37873\" data-element_type=\"section\" data-e-type=\"section\" data-settings=\"{&quot;stretch_section&quot;:&quot;section-stretched&quot;}\">\n\t\t\t\t\t\t<div class=\"elementor-container elementor-column-gap-extended\">\n\t\t\t\t\t<div class=\"elementor-column elementor-col-100 elementor-top-column elementor-element elementor-element-adce968\" data-id=\"adce968\" data-element_type=\"column\" data-e-type=\"column\">\n\t\t\t<div class=\"elementor-widget-wrap elementor-element-populated\">\n\t\t\t\t\t\t<div class=\"elementor-element elementor-element-b75b096 elementor-widget elementor-widget-heading\" data-id=\"b75b096\" data-element_type=\"widget\" data-e-type=\"widget\" data-widget_type=\"heading.default\">\n\t\t\t\t<div class=\"elementor-widget-container\">\n\t\t\t\t\t<h2 class=\"elementor-heading-title elementor-size-default\">10. Fesih Hakk\u0131<\/h2>\t\t\t\t<\/div>\n\t\t\t\t<\/div>\n\t\t\t\t<div class=\"elementor-element elementor-element-8469e8e elementor-widget elementor-widget-text-editor\" data-id=\"8469e8e\" data-element_type=\"widget\" data-e-type=\"widget\" data-widget_type=\"text-editor.default\">\n\t\t\t\t<div class=\"elementor-widget-container\">\n\t\t\t\t\t\t\t\t\t<ul><li class=\"\" data-start=\"3084\" data-end=\"3206\"><p class=\"\" data-start=\"3086\" data-end=\"3206\">Kullan\u0131c\u0131, hesab\u0131n\u0131 diledi\u011fi zaman kapatma hakk\u0131na sahiptir.<\/p><\/li><li class=\"\" data-start=\"3084\" data-end=\"3206\"><p class=\"\" data-start=\"3086\" data-end=\"3206\">Platform da gerekti\u011finde kullan\u0131c\u0131 hesab\u0131n\u0131 durdurma veya sonland\u0131rma hakk\u0131na sahiptir.<\/p><\/li><\/ul>\t\t\t\t\t\t\t\t<\/div>\n\t\t\t\t<\/div>\n\t\t\t\t\t<\/div>\n\t\t<\/div>\n\t\t\t\t\t<\/div>\n\t\t<\/section>\n\t\t\t\t<section class=\"elementor-section elementor-top-section elementor-element elementor-element-2e576fb elementor-section-stretched elementor-section-boxed elementor-section-height-default elementor-section-height-default\" data-id=\"2e576fb\" data-element_type=\"section\" data-e-type=\"section\" data-settings=\"{&quot;stretch_section&quot;:&quot;section-stretched&quot;}\">\n\t\t\t\t\t\t<div class=\"elementor-container elementor-column-gap-extended\">\n\t\t\t\t\t<div class=\"elementor-column elementor-col-100 elementor-top-column elementor-element elementor-element-214bd4d\" data-id=\"214bd4d\" data-element_type=\"column\" data-e-type=\"column\">\n\t\t\t<div class=\"elementor-widget-wrap elementor-element-populated\">\n\t\t\t\t\t\t<div class=\"elementor-element elementor-element-508a209 elementor-widget elementor-widget-heading\" data-id=\"508a209\" data-element_type=\"widget\" data-e-type=\"widget\" data-widget_type=\"heading.default\">\n\t\t\t\t<div class=\"elementor-widget-container\">\n\t\t\t\t\t<h2 class=\"elementor-heading-title elementor-size-default\">11. De\u011fi\u015fiklikler<\/h2>\t\t\t\t<\/div>\n\t\t\t\t<\/div>\n\t\t\t\t<div class=\"elementor-element elementor-element-b16b3dd elementor-widget elementor-widget-text-editor\" data-id=\"b16b3dd\" data-element_type=\"widget\" data-e-type=\"widget\" data-widget_type=\"text-editor.default\">\n\t\t\t\t<div class=\"elementor-widget-container\">\n\t\t\t\t\t\t\t\t\t<ul><li class=\"\" data-start=\"3084\" data-end=\"3206\"><p class=\"\" data-start=\"3086\" data-end=\"3206\">Batman Burada Kariyer, kullan\u0131m ko\u015fullar\u0131n\u0131 g\u00fcncelleme hakk\u0131na sahiptir.<\/p><\/li><li class=\"\" data-start=\"3084\" data-end=\"3206\"><p class=\"\" data-start=\"3086\" data-end=\"3206\">G\u00fcncel ko\u015fullar platformda yay\u0131mland\u0131\u011f\u0131 andan itibaren ge\u00e7erli kabul edilir.<\/p><\/li><li class=\"\" data-start=\"3084\" data-end=\"3206\"><p class=\"\" data-start=\"3086\" data-end=\"3206\">Kullan\u0131c\u0131lar\u0131n d\u00fczenli olarak bu sayfay\u0131 kontrol etmesi \u00f6nerilir.<\/p><\/li><\/ul>\t\t\t\t\t\t\t\t<\/div>\n\t\t\t\t<\/div>\n\t\t\t\t\t<\/div>\n\t\t<\/div>\n\t\t\t\t\t<\/div>\n\t\t<\/section>\n\t\t\t\t<\/div>\n\t\t","protected":false},"excerpt":{"rendered":"<p>1. Genel Bilgilendirme Batman Burada Kariyer (&#8220;Platform&#8221;), i\u015f arayan bireylerle i\u015fverenleri bir araya getiren dijital bir kariyer ve i\u015f ilan\u0131 platformudur. Platformu kullanarak, a\u015fa\u011f\u0131da belirtilen ko\u015fullar\u0131 eksiksiz \u015fekilde kabul etti\u011finizi beyan etmi\u015f olursunuz. 2. Taraflar Kullan\u0131c\u0131: Platformda profil olu\u015fturan, i\u015f ilan\u0131 veren, i\u015f ba\u015fvurusu yapan veya herhangi bir \u015fekilde hizmetlerden faydalanan ger\u00e7ek veya t\u00fczel ki\u015fi. [&hellip;]<\/p>\n","protected":false},"author":1,"featured_media":0,"parent":0,"menu_order":0,"comment_status":"closed","ping_status":"closed","template":"","meta":{"footnotes":""},"class_list":["post-38","page","type-page","status-publish","hentry"],"_links":{"self":[{"href":"https:\/\/www.batmanburada.com.tr\/kariyer\/wp-json\/wp\/v2\/pages\/38","targetHints":{"allow":["GET"]}}],"collection":[{"href":"https:\/\/www.batmanburada.com.tr\/kariyer\/wp-json\/wp\/v2\/pages"}],"about":[{"href":"https:\/\/www.batmanburada.com.tr\/kariyer\/wp-json\/wp\/v2\/types\/page"}],"author":[{"embeddable":true,"href":"https:\/\/www.batmanburada.com.tr\/kariyer\/wp-json\/wp\/v2\/users\/1"}],"replies":[{"embeddable":true,"href":"https:\/\/www.batmanburada.com.tr\/kariyer\/wp-json\/wp\/v2\/comments?post=38"}],"version-history":[{"count":1,"href":"https:\/\/www.batmanburada.com.tr\/kariyer\/wp-json\/wp\/v2\/pages\/38\/revisions"}],"predecessor-version":[{"id":8785,"href":"https:\/\/www.batmanburada.com.tr\/kariyer\/wp-json\/wp\/v2\/pages\/38\/revisions\/8785"}],"wp:attachment":[{"href":"https:\/\/www.batmanburada.com.tr\/kariyer\/wp-json\/wp\/v2\/media?parent=38"}],"curies":[{"name":"wp","href":"https:\/\/api.w.org\/{rel}","templated":true}]}}